mber?
True
Is 2674165435 prime?
False
Is 85220103785 prime?
False
Is 599925149 a composite number?
False
Is 1559452261 a composite number?
True
Is 349699117 a composite number?
True
Is 30114111733 composite?
False
Is 23841371131 a prime number?
False
Is 91373696123 prime?
False
Is 40131053 a composite number?
True
Is 1469890517 prime?
True
Is 145930093 composite?
True
Is 27371769349 composite?
False
Is 37662924823 composite?
False
Is 61790170333 a composite number?
True
Is 5812454497 a prime number?
False
Is 359172383 a prime number?
False
Is 10253950519 a prime number?
False
Is 4106085629 a prime number?
True
Is 960595511 a prime number?
False
Is 808685953 prime?
False
Is 10040353307 prime?
True
Is 8347337521 a prime number?
False
Is 315794929 a composite number?
True
Is 28316150447 composite?
True
Is 25300593713 a prime number?
True
Is 2857074901 a composite number?
False
Is 17106026537 a composite number?
False
Is 7782735757 a composite number?
False
Is 7527367511 a prime number?
False
Is 13563345183 composite?
True
Is 555038161 prime?
True
Is 22730396677 composite?
True
Is 12737077307 prime?
True
Is 27280022135 prime?
False
Is 18255275579 composite?
False
Is 6896698607 composite?
False
Is 1990650563 composite?
True
Is 2379197983 prime?
True
Is 8948717003 a composite number?
False
Is 1221839573 composite?
False
Is 2006051009 a prime number?
True
Is 121155182 a prime number?
False
Is 83269227 composite?
True
Is 6503181521 prime?
True
Is 6901910117 prime?
False
Is 910961179 a prime number?
True
Is 292900577 prime?
True
Is 121747967 a composite number?
True
Is 1061405731 a composite number?
True
Is 4427260043 a composite number?
False
Is 10846547627 a prime number?
True
Is 819895357 a composite number?
False
Is 3163854569 a prime number?
False
Is 30393386447 composite?
False
Is 13167197369 a composite number?
True
Is 63791009 prime?
True
Is 231799489 prime?
False
Is 5265704749 a prime number?
True
Is 44407559921 prime?
False
Is 10638457 prime?
True
Is 1452720427 composite?
False
Is 25887229889 composite?
False
Is 11117770817 composite?
True
Is 16644225331 composite?
True
Is 2196837413 prime?
False
Is 9265891409 prime?
True
Is 4822817243 a composite number?
False
Is 139393567 prime?
False
Is 3913476173 a prime number?
True
Is 1969060559 a composite number?
True
Is 222513033 a prime number?
False
Is 28895864611 prime?
False
Is 8106151927 a prime number?
False
Is 882186818 a prime number?
False
Is 953253605 a prime number?
False
Is 30306312067 prime?
False
Is 208146574343 prime?
True
Is 5168858729 composite?
True
Is 19042606651 prime?
True
Is 2341184957 a composite number?
False
Is 46002501826 prime?
False
Is 244149767 a composite number?
True
Is 549971629 a prime number?
True
Is 36993558841 a prime number?
True
Is 82017878153 prime?
False
Is 674796833 a prime number?
False
Is 135273949 a composite number?
False
Is 202652109587 a prime number?
False
Is 44238444141 prime?
False
Is 1678049903 a composite number?
False
Is 414446603 prime?
True
Is 6163001677 a prime number?
False
Is 671952607 composite?
False
Is 38735537602 a composite number?
True
Is 1635616067 a prime number?
True
Is 35878294469 a prime number?
True
Is 19606199441 prime?
True
Is 77581159 a prime number?
False
Is 13270203103 a prime number?
True
Is 43838892523 a composite number?
False
Is 13876685623 composite?
False
Is 2820080849 a prime number?
False
Is 2261041961 prime?
True
Is 4560535543 a prime number?
False
Is 1234477633 prime?
False
Is 218120393 a composite number?
False
Is 1392319391 prime?
True
Is 1886295953 a prime number?
True
Is 277528313 prime?
False
Is 246178631 a prime number?
True
Is 36128989843 a prime number?
False
Is 4595921439 a prime number?
False
Is 191233771 composite?
True
Is 30789122939 prime?
True
Is 2008864507 a prime number?
False
Is 344147339 composite?
False
Is 2738219761 composite?
False
Is 37340996239 prime?
False
Is 15715711327 a composite number?
False
Is 32689025801 composite?
True
Is 159849643 prime?
False
Is 3491125837 a composite number?
True
Is 51313696121 prime?
False
Is 28730762317 composite?
True
Is 1447625717 a prime number?
True
Is 1997602991 prime?
True
Is 7861442279 prime?
True
Is 5025296501 composite?
False
Is 1692594071 prime?
False
Is 104243047 a composite number?
True
Is 25307827067 composite?
False
Is 88240063 prime?
True
Is 6156567551 prime?
False
Is 1984847719 a prime number?
True
Is 419998541 composite?
False
Is 661487441 composite?
False
Is 1481919973 composite?
False
Is 120649753249 composite?
False
Is 667394759 prime?
True
Is 270771041 a prime number?
False
Is 6986824631 a composite number?
False
Is 944510363 a prime number?
True
Is 48770247671 a prime number?
True
Is 1200161987 a prime number?
False
Is 8982773941 a composite number?
True
Is 382809997 prime?
True
Is 475809847 composite?
True
Is 36216411094 a prime number?
False
Is 825453471 composite?
True
Is 425687221 composite?
False
Is 102581467 a composite number?
True
Is 156228271 a composite number?
False
Is 2020027439 a composite number?
False
Is 594391711 a prime number?
True
Is 4383040777 a composite number?
True
Is 3811487917 a prime number?
True
Is 1002135769 composite?
True
Is 866389483 a prime number?
True
Is 278659583 prime?
True
Is 97170792011 prime?
True
Is 2689514831 a composite number?
False
Is 49078516601 a composite number?
False
Is 177455227 a prime number?
True
Is 17898527 a composite number?
True
Is 140183658029 composite?
True
Is 25681959013 prime?
True
Is 789571589 prime?
True
Is 684540221 prime?
True
Is 23989141367 a composite number?
False
Is 1707421091 a prime number?
True
Is 21649884209 composite?
True
Is 5604868921 prime?
True
Is 6503419489 composite?
True
Is 3701561033 a prime number?
False
Is 53002994269 prime?
True
Is 1991580989 composite?
True
Is 1118203783 composite?
True
Is 1819382377 prime?
False
Is 11782913 prime?
True
Is 22690154341 a composite number?
True
Is 2397945227 a prime number?
True
Is 251653667 composite?
True
Is 607483159 a prime number?
True
Is 27157079 a prime number?
False
Is 1796797113 prime?
False
Is 389179114897 prime?
True
Is 8308898567 a prime number?
False
Is 138205849 a composite number?
False
Is 2119267217 prime?
False
Is 90627111337 composite?
True
Is 91062527 a composite number?
True
Is 5747884367 prime?
True
Is 4284010145 composite?
True
Is 581483059 a prime number?
True
Is 41709577627 composite?
True
Is 696635609 a composite number?
True
Is 772361857 composite?
True
Is 2788457303 composite?
True
Is 482761243 a composite number?
False
Is 70139175691 composite?
True
Is 655449227 a prime number?
False
Is 225715727 prime?
True
Is 7591755397 prime?
True
Is 10380138667 composite?
True
Is 817594769 a prime number?
False
Is 744355513 a composite number?
True
Is 15092329019 composite?
False
Is 477558551 a prime number?
True
Is 47308225891 composite?
False
Is 201626197 a prime number?
False
Is 39696101737 a composite number?
True
Is 8277142711 prime?
True
Is 1102008007 prime?
True
Is 1784965799 a composite number?
False
Is 5907054887 prime?
True
Is 1115332649 composite?
False
Is 3543095819 composite?
True
Is 373119287 a prime number?
True
Is 722717953 a prime number?
False
Is 1515420121 a composite number?
False
Is 295245781 prime?
False
Is 5874257119 a prime number?
False
Is 8760255433 a composite number?
True
Is 8638473659 prime?
False
Is 860196581 prime?
True
Is 74914951 composite?
False
Is 704117935 a composite number?
True
Is 15728070301 composite?
False
Is 16366114211 composite?
False
Is 600306209 prime?
False
Is 1165763213 composite?
False
Is 106604875489 a prime number?
False
Is 1569363265 composite?
True
Is 180753193 composite?
False
Is 552176497 prime?
True
Is 104102773 composite?
False
Is 1198158661 composite?
True
Is 186165245977 prime?
False
Is 2192691539 a prime number?
True
Is 2010590189 a composite number?
True
Is 319836701 prime?
True
Is 7609524487 prime?
False
Is 23205584249 a composite number?
True
Is 60984377707 a composite number?
True
Is 272621857 a prime number?
True
Is 6991515407 a prime number?
False
Is 10091636021 composite?
True
Is 86424167721 prime?
False
Is 11567027363 prime?
True
Is 104225918287 prime?
False
Is 2580583513 prime?
True
Is 2364233483 a prime number?
True
Is 20555894969 prime